9*y(a). Calculate u(-8).
3
Let k(j) = 9. Let z(u) = -u - 17. Let d(t) = -5*k(t) - 3*z(t). Let s be d(-2). Let w(i) be the first derivative of i**3/3 + i**2/2 + 1. Calculate w(s).
0
Suppose -4*t - 4 = -12. Let x(j) = 8*j - j**3 + 5 - 6*j + j**t - j. Determine x(0).
5
Let v be (-2)/(-8) - 18/(-24). Let f be (v + 1)*276/24. Let y(a) = a - 2*a + f - 22. Calculate y(0).
1
Let i(u) = 5*u + u - 5 + 7*u - 15*u. Let p = -21 + 16. Determine i(p).
5
Suppose -25*n + 21*n + 8 = 0. Let r(i) = -3*i**3 + 3*i**2 - 3*i + 2. Calculate r(n).
-16
Suppose 0 = -2*v + 4*d - 7 - 51, -5*d + 145 = -5*v. Let s = -23 - v. Let p(h) = h**2 - 6*h - 5. Give p(s).
-5
Let r = -46 - -26. Let l be r/(-12)*3 + -3. Let x(g) = -g**l + 2*g**3 + g - g**3 - 3*g. Determine x(-2).
-8
Let t(b) be the first derivative of -2*b**2 + 5*b + 6. Let q = 7 + -7. Let g = 4 + q. Calculate t(g).
-11
Let d(i) = i**3 + 9 + 2*i**2 + 4*i**2 + 4*i**2 + 4*i - 3*i. Let q be d(-10). Let w(h) = 5*h**3 - 2*h**2 - 2*h - 1. Calculate w(q).
-6
Let q(g) = -3*g**2 - 5*g - 4. Let u(t) = 6*t**2 + 6*t + 5. Let c(f) = -4*q(f) - 3*u(f). Determine c(2).
-19
Let a be -1*(-60)/27 - 4/18. Let h(y) = 6*y**2 - 5*y - 1 + a*y - 5*y**2 - 2*y. Determine h(6).
5
Let y(t) = -2*t - 17. Let j be y(-10). Let z(u) = -9*u + u**3 + 2 + u - 2*u**j + 7*u**2 + 0. What is z(6)?
-10
Suppose -w + 12 = 3. Let x = -6 + 17. Suppose 4 + x = -5*d, 0 = 4*o + 5*d - w. Let k(n) = n**3 - 7*n**2 + 8*n - 5. What is k(o)?
7
Let z(w) = -w**3 - 2*w**2 + 2*w + 1. Let v(s) = -4*s**3 - 15*s**2 + 5*s - 2. Let x(q) = -v(q) + 3*z(q). Determine x(-9).
-4
Let q(j) = 5*j - 9. Let d(p) = 0 - 6 + 6*p - 5 + 1. Let g(k) = 4*d(k) - 5*q(k). Calculate g(-4).
9
Let x(l) be the second derivative of -l**4/3 + l**3/2 + 67*l - 2. Determine x(2).
-10
Let p(a) = -2366*a**2 + 3*a + 0 + 2367*a**2 + 3 - a**3. Calculate p(3).
-6
Let n(w) = w**3 - w**2 - w + 10. Let u = 3 - 11. Let y = -18 - u. Let z be 4/y - 8/(-20). Determine n(z).
10
Let m(d) = -d**3 - 10*d**2 + 11*d + 109. Let x be m(-10). Let k(g) = -g + 2. What is k(x)?
3
Let f(r) be the second derivative of -r**4/12 - 2*r**3 - r**2 + 10*r + 6. Calculate f(-5).
33
Let h(s) = 14*s**3 - 2 - s**2 - s + 6 - 3. Suppose 0 = 645*z - 466*z - 179. What is h(z)?
13
Let i(t) = 2*t**3 + 6*t**2 - t**3 - 35*t - 4 - 2*t**3 + 27*t + 0*t**2. Determine i(4).
-4
Let g = -1111 - -1106. Let f(t) = -3*t - 8. Calculate f(g).
7
Let o(s) = 1 + 0*s + 5*s**3 + 0*s. Suppose 26*h + 45 = 19. Calculate o(h).
-4
Suppose -4*j + 3*o - 6*o = -13, o = 4*j - 1. Let b(v) = j + v**2 + 9*v - 2*v - 2*v**2 + 1. Calculate b(7).
2
Let y(d) = -d**3 - 5*d**2 + 5*d - 6. Let r(t) = -t**2 - 11*t + 2. Let j be r(-6). Let m = j - 38. Determine y(m).
0
Let s(z) = -z**2 + 43*z - 78. Let d be s(41). Let u(b) = 2*b**2 - 3*b - 8. Determine u(d).
12
Let n = -53 - -59. Let w be (10/(-3))/(n/9). Let i(u) = -u + 6. What is i(w)?
11
Let c(q) = -2*q**2 - 66*q + 67. Let b be c(-34). Let m(o) = 4*o - 2. What is m(b)?
-6
Let o(s) = -2*s**2 - s**2 - 5 + 4*s**2. Let w = -84 + 69. Let g be ((-6)/w)/1 - 6/15. Give o(g).
-5
Suppose -2*r - 2*z = 2*r - 26, 2*z + 2 = 0. Let w(g) = -g**3 + 6*g**2 + 7*g + 2. Determine w(r).
2
Let i(w) = w**3 - 10*w**2 - 7*w + 3. Let m(t) = 6*t**3 - 52*t**2 - 35*t + 16. Let q(p) = 11*i(p) - 2*m(p). Give q(-6).
43
Let p(n) = -2*n**2 - 16*n + 5. Let f(q) = -q**2 - 8*q + 2. Suppose 3*s = 3*h + 39, -2*s + 5*h = s - 39. Let r(w) = s*f(w) - 6*p(w). Calculate r(-6).
8
Suppose 0 = -u + 2*u - 3. Let i(w) = 3*w + w - w**3 - u*w. Let o(b) = -4*b**3 + b**2 + 5*b - 1. Let t(a) = 6*i(a) - o(a). Calculate t(-1).
1
Let t(h) = -h**2 - h + 6. Let z = -6 - -24. Let n(i) = -8*i - 2. Let x be n(2). Let j = z + x. Determine t(j).
6
Let k(v) be the first derivative of v**5/5 + v**2/2 - 27*v - 12. Let i(q) be the first derivative of k(q). Calculate i(1).
5
Let t(i) be the third derivative of -11*i**4/24 + 11*i**2 - i. Let y(u) = -u**2 - 6*u - 10. Let x be y(-3). Give t(x).
11
Let l(d) = 2*d**2 - 15*d - 14. Let g(p) = p**3 - 41*p**2 - 42*p + 8. Let q be g(42). What is l(q)?
-6
Suppose -n = -5*f - 50, 0*f - 2*n = -3*f - 37. Let q(z) = -4*z + 1. Let m(v) = -3*v + 2. Let w(x) = 5*m(x) - 4*q(x). What is w(f)?
-3
Let p(z) = z - 2. Let j be -8*(-3 + (0 - -5)). Let q = -19 - j. Let d be p(q). Let k(v) = v**3 + 5*v**2 - 2*v - 5. Determine k(d).
5
Let s be (4/(-16) + -1)/(65/(-104)). Let b(t) = -8*t - 2. Calculate b(s).
-18
Let r(a) = a**3 - 5*a**2 + 2*a - 6. Let l be r(5). Let x be 3/(((-3)/l)/1). Let s(v) = -v**2 - v. Let n(m) = -5*m**2 + 6. Let i(g) = n(g) - 6*s(g). Give i(x).
-2
Let o = -23 - -13. Let m = o - -12. Let u(a) = 3*a**2 - 2*a + 1. Determine u(m).
9
Let d = 0 - 2. Let r(q) = q**2 + 9*q - 13. Let j be r(-10). Let x(c) = -2*c**2 - 3*c - 4. Let u(n) = n**2 + n + 1. Let a(b) = j*u(b) - x(b). Calculate a(d).
-3
Let c(o) = 3*o - 2*o**2 + o + 8*o**2 - 2*o**2. Let v(s) = -9*s**2 - 9*s. Let n(d) = 7*c(d) + 3*v(d). What is n(0)?
0
Let j(u) = 2*u - 1. Let f be ((130/15)/13)/((-4)/(-18)). Suppose f*p - 3 = -0*p. Determine j(p).
1
Let r(u) = u**3 - 6*u**2 - 6*u. Suppose 10*a - 5*a = 140. Suppose -6*q - a = -10*q. What is r(q)?
7
Let v(b) be the second derivative of -b**6/120 + b**5/20 - b**4/24 + b**3/6 - 10*b**2 - 9*b. Let g(p) be the first derivative of v(p). What is g(3)?
-2
Let w(h) = -6*h**3 - 6*h**2 - 6*h + 14. Let l(a) = 2*a**3 + 2*a**2 + 2*a - 5. Let b(u) = 8*l(u) + 3*w(u). Let s be (4 - (-4)/(-4))*(-4)/6. What is b(s)?
14
Let s be -6*(4 + (1 - 3)). Suppose -t = -8*t + 35. Let i be s/4 + t + -3. Let l(d) = -11*d**2 + 1. Calculate l(i).
-10
Let n(g) = -2*g - 10. Let d(r) = 12*r + 56. Let q(z) = -5*d(z) - 28*n(z). What is q(2)?
-8
Suppose 4*q = -4*c - 18 + 42, 0 = q - 3. Let n(m) = -m**3 + m**2 + m + 2. Calculate n(c).
-13
Let z = 776 + -771. Let x(a) = a**2 - 7*a + 5. What is x(z)?
-5
Let y(h) = -h**3 - 8*h**2 - 8*h - 5. Let k(l) be the first derivative of l**3/3 + 11*l**2 + 33*l - 9. Let z be k(-20). Determine y(z).
2
Let s(k) = 2*k + 2. Let p(w) = -3*w**2 + 2*w + 1. Suppose y = t + 22, -t + y - 64 = 2*t. Let u be (t/(-6) - 3)*-2. Let d be p(u). Give s(d).
-6
Suppose 3*g = 2*g + 12. Let i(x) = g - 3*x - 28 + 13. Give i(-3).
6
Suppose -z + 7 = y + y, -y - 4*z + 7 = 0. Let w(c) be the third derivative of c**6/120 - c**5/20 + 2*c**3/3 + c**2. Determine w(y).
4
Let x be -1 + (7 + -9 - 1). Let u(j) = -2*j**2 + j + 8. Calculate u(x).
-28
Let p = 15 + -10. Let f(v) be the second derivative of v**5/20 - v**4/3 - v**3/2 - v**2/2 + 60*v. Determine f(p).
9
Let u be -6 - -4*(-2)/(-4). Let g(n) = 4*n - 2. What is g(u)?
-18
Let u(o) = 26*o**2 - o + 1. Let m(s) = -6*s**2 - s + 1. Let d(w) = 4*m(w) + u(w). Calculate d(3).
8
Suppose b - 3 = 4*b. Let y = 2 + -2. Let d(g) = 0*g + 2*g**2 + g + y*g**2 - g**3. Determine d(b).
2
Suppose 0 = -2*q + 19 - 7. Let y(f) = -5*f**2 - f + 12. Let o(j) = -j**2 + j + 1. Let z(d) = 6*o(d) - y(d). Calculate z(q).
0
Let a(k) = k**3 - 2*k**2 - 4*k + 6. Let l = -1973 + 1977. What is a(l)?
22
Let y(g) = 7*g - 3. Let z(x) = -25*x + 10. Let t(q) = 21*y(q) + 6*z(q). What is t(-8)?
21
Let w = 114 - 124. Let v(j) = j - 5. What is v(w)?
-15
Let p(k) = -k + 1. Let j be p(-5). Let i(g) = -g**3 + 5*g**2 + 5*g + 6. Let s be i(j). Let r(m) = m - 1. Give r(s).
-1
Suppose -9*m - 49 = -16*m. Let q(y) = -y**2 + 5*y + 9. What is q(m)?
-5
Let w(o) = o**2 + 3*o + 6. Let u(r) = 2*r**2 + 4*r + 13. Suppose -2*l = 5*q + 24, 6 = 4*l - 5*q - 6. Let x(t) = l*u(t) + 5*w(t). What is x(-6)?
-2
Let f be (-70)/10*(-2)/(-14). Let r(t) = -6*t**3 + t. Calculate r(f).
5
Let o(a) = -a**2 + 3*a - 1. Let p = 32 - 45. Let d be (-2)/p - (-111)/39. Determine o(d).
-1
Let p be (-2)/(3*(-4)/18). Let a = -9 - -13. Let s(o) = -o - 6*o**2 + o**3 + p*o + 0*o**2 + 4 + a*o. Give s(5).
9
Let h(g) = -17*g**2 - 2*g - g**3 + 31*g**2 + 3 - 14*g**2 - 7*g**2. Calculate h(-7).
17
Let u be 21/(28/(-4)) - -21. Let w(q) = q**2 - 20*q + 38. Determine w(u).
2
Let l(h) = h**3 - 14*h**2 - 2*h + 16. Let i be 4 + ((-9)/6)/(9/(-60)). What is l(i)?
-12
Suppose -2 = -s - 7. Let n be 1/(5*s/(-25)). Let f(x) = -5*x + 6 + 1 - 9 - n. Calculate f(3).
-18
Let d(w) = w - 2 - 3 - 3. Let t = -483 - -489. What is d(t)?
-2
Let r(n) = -n**2 + 6*n - 1. Let i(o) = 3*o - 1. Let q be i(3). Suppose -3*y + 7 = -q. What is r(y)?
4
Let s(o) = 2*o + 50. Suppose 3*